{"id":3460,"date":"2024-03-15T22:31:55","date_gmt":"2024-03-15T21:31:55","guid":{"rendered":"https:\/\/poltaquim.com\/?post_type=product&#038;p=3460"},"modified":"2024-04-05T05:52:56","modified_gmt":"2024-04-05T03:52:56","slug":"acido-sulfonico-90-y-96","status":"publish","type":"product","link":"https:\/\/poltaquim.com\/index.php\/producto\/acido-sulfonico-90-y-96\/","title":{"rendered":"Acido sulf\u00f3nico 90%"},"content":{"rendered":"<p>HLAS 90<\/p>\n<p>\u00c1cido sulf\u00f3nico 90%. Tensioactivo ani\u00f3nico sulfonado.<\/p>\n<p><strong>USOS<\/strong><\/p>\n<p>Fabricaci\u00f3n de detergentes, jabones, shampoos y limpiadores para todo uso.<\/p>\n","protected":false},"excerpt":{"rendered":"<p>HLAS 90 \u00c1cido sulf\u00f3nico 90%. Tensioactivo ani\u00f3nico sulfonado. USOS Fabricaci\u00f3n de detergentes, jabones, shampoos y limpiadores para todo uso.<\/p>\n","protected":false},"featured_media":3611,"template":"","meta":{"_joinchat":[]},"product_cat":[42,43],"product_tag":[],"_links":{"self":[{"href":"https:\/\/poltaquim.com\/index.php\/wp-json\/wp\/v2\/product\/3460"}],"collection":[{"href":"https:\/\/poltaquim.com\/index.php\/wp-json\/wp\/v2\/product"}],"about":[{"href":"https:\/\/poltaquim.com\/index.php\/wp-json\/wp\/v2\/types\/product"}],"wp:featuredmedia":[{"embeddable":true,"href":"https:\/\/poltaquim.com\/index.php\/wp-json\/wp\/v2\/media\/3611"}],"wp:attachment":[{"href":"https:\/\/poltaquim.com\/index.php\/wp-json\/wp\/v2\/media?parent=3460"}],"wp:term":[{"taxonomy":"product_cat","embeddable":true,"href":"https:\/\/poltaquim.com\/index.php\/wp-json\/wp\/v2\/product_cat?post=3460"},{"taxonomy":"product_tag","embeddable":true,"href":"https:\/\/poltaquim.com\/index.php\/wp-json\/wp\/v2\/product_tag?post=3460"}],"curies":[{"name":"wp","href":"https:\/\/api.w.org\/{rel}","templated":true}]}}