{"id":3484,"date":"2024-03-15T22:48:24","date_gmt":"2024-03-15T21:48:24","guid":{"rendered":"https:\/\/poltaquim.com\/?post_type=product&#038;p=3484"},"modified":"2024-04-05T05:31:41","modified_gmt":"2024-04-05T03:31:41","slug":"acido-citrico","status":"publish","type":"product","link":"https:\/\/poltaquim.com\/index.php\/producto\/acido-citrico\/","title":{"rendered":"\u00c1cido c\u00edtrico"},"content":{"rendered":"<p>Acido c\u00edtrico de alta pureza<\/p>\n<p><strong>USOS<\/strong><\/p>\n<p>Regulaci\u00f3n de pH, industria de bebidas e Industria alimenticia<\/p>\n","protected":false},"excerpt":{"rendered":"<p>Acido c\u00edtrico de alta pureza USOS Regulaci\u00f3n de pH, industria de bebidas e Industria alimenticia<\/p>\n","protected":false},"featured_media":3582,"template":"","meta":{"_joinchat":[]},"product_cat":[47],"product_tag":[],"_links":{"self":[{"href":"https:\/\/poltaquim.com\/index.php\/wp-json\/wp\/v2\/product\/3484"}],"collection":[{"href":"https:\/\/poltaquim.com\/index.php\/wp-json\/wp\/v2\/product"}],"about":[{"href":"https:\/\/poltaquim.com\/index.php\/wp-json\/wp\/v2\/types\/product"}],"wp:featuredmedia":[{"embeddable":true,"href":"https:\/\/poltaquim.com\/index.php\/wp-json\/wp\/v2\/media\/3582"}],"wp:attachment":[{"href":"https:\/\/poltaquim.com\/index.php\/wp-json\/wp\/v2\/media?parent=3484"}],"wp:term":[{"taxonomy":"product_cat","embeddable":true,"href":"https:\/\/poltaquim.com\/index.php\/wp-json\/wp\/v2\/product_cat?post=3484"},{"taxonomy":"product_tag","embeddable":true,"href":"https:\/\/poltaquim.com\/index.php\/wp-json\/wp\/v2\/product_tag?post=3484"}],"curies":[{"name":"wp","href":"https:\/\/api.w.org\/{rel}","templated":true}]}}