{"id":3643,"date":"2024-04-05T05:50:29","date_gmt":"2024-04-05T03:50:29","guid":{"rendered":"https:\/\/poltaquim.com\/?post_type=product&#038;p=3643"},"modified":"2024-04-05T05:52:03","modified_gmt":"2024-04-05T03:52:03","slug":"acido-sulfonico-96","status":"publish","type":"product","link":"https:\/\/poltaquim.com\/index.php\/producto\/acido-sulfonico-96\/","title":{"rendered":"Acido sulf\u00f3nico 96%"},"content":{"rendered":"<p>HLAS 96<\/p>\n<p>\u00c1cido sulf\u00f3nico 96%. Tensioactivo ani\u00f3nico sulfonado.<\/p>\n<p><strong>USOS<\/strong><\/p>\n<p>Fabricaci\u00f3n de detergentes, jabones, shampoos y limpiadores para todo uso.<\/p>\n","protected":false},"excerpt":{"rendered":"<p>HLAS 96 \u00c1cido sulf\u00f3nico 96%. Tensioactivo ani\u00f3nico sulfonado. USOS Fabricaci\u00f3n de detergentes, jabones, shampoos y limpiadores para todo uso.<\/p>\n","protected":false},"featured_media":3611,"template":"","meta":{"_joinchat":[]},"product_cat":[42,43],"product_tag":[],"_links":{"self":[{"href":"https:\/\/poltaquim.com\/index.php\/wp-json\/wp\/v2\/product\/3643"}],"collection":[{"href":"https:\/\/poltaquim.com\/index.php\/wp-json\/wp\/v2\/product"}],"about":[{"href":"https:\/\/poltaquim.com\/index.php\/wp-json\/wp\/v2\/types\/product"}],"wp:featuredmedia":[{"embeddable":true,"href":"https:\/\/poltaquim.com\/index.php\/wp-json\/wp\/v2\/media\/3611"}],"wp:attachment":[{"href":"https:\/\/poltaquim.com\/index.php\/wp-json\/wp\/v2\/media?parent=3643"}],"wp:term":[{"taxonomy":"product_cat","embeddable":true,"href":"https:\/\/poltaquim.com\/index.php\/wp-json\/wp\/v2\/product_cat?post=3643"},{"taxonomy":"product_tag","embeddable":true,"href":"https:\/\/poltaquim.com\/index.php\/wp-json\/wp\/v2\/product_tag?post=3643"}],"curies":[{"name":"wp","href":"https:\/\/api.w.org\/{rel}","templated":true}]}}